n be j(-8). What is a(n)?
10
Let c(g) = -g**2 + 7*g - 7. Let l be c(5). Suppose -2*y - 126 = -5*y. Let n(x) = -y*x + 82*x - 3 - 34*x. What is n(l)?
15
Let o(s) = -3*s - 18. Let q be 39/(-6) - 21/14. Determine o(q).
6
Suppose u = -9*u + 110. Let h(j) = j + j**3 + 0*j**3 + 5 - u - 5*j**2 - j**2. What is h(6)?
0
Let t(f) = f. Let l be t(5). Let g(u) = 5*u + 2*u**2 + l - 1 + 2*u + 0*u**2. Determine g(-4).
8
Suppose 2*y - 2*o - 10 = -5*o, 0 = -y - 3*o + 8. Let z(c) be the first derivative of 1/2*c**y + 3 + 1/3*c**3 - 4*c. Determine z(3).
8
Let w(q) = -11*q + 10. Suppose 19 = -5*f - 16. Let h(c) = -7*c + 7. Let y(z) = f*h(z) + 5*w(z). Calculate y(2).
-11
Let k(h) be the first derivative of h**2/2 - 4*h + 2. Suppose 0 = t + 9*t - 70. Determine k(t).
3
Let m(g) be the second derivative of -g**4/12 - g**3 + 2*g**2 + 60*g. Let b(d) = -d**3 - 3*d**2 + 3*d + 5. Let r be b(-3). Give m(r).
12
Let f(i) = 8*i**2 - i + 1. Let b be f(1). Let q = 11 - b. Let l(h) = 1 - q*h + h**2 + 0*h + 1. Calculate l(4).
6
Let l(n) = -n**2 - 4*n + 27. Let p be l(-8). Let d(y) = -3*y + 2. Give d(p).
17
Suppose 0 = 4*d - 2*v + 14, 5*d + 2*v + 18 = 4*v. Suppose 0 = 5*y - 25, 3*y - 60 = -5*i + y. Let h(o) = -5*o + i*o + 2*o + 5 + o**2. Give h(d).
-7
Let w(a) = a**2. Let c be w(2). Let l(k) be the second derivative of 0*k**2 + 1/12*k**4 + 0 - 5/6*k**3 + 5*k. Give l(c).
-4
Let d(w) be the third derivative of w**4/24 - 7*w**3/3 + 15*w**2. Calculate d(15).
1
Let r(k) = 4*k + 1. Let c(q) = q**3 - 9*q**2 - 7*q + 15. Let t be c(10). Let v = t + -46. Determine r(v).
-3
Suppose -8*b + 462 = 69*b. Let n(x) = -2*x**3 + 12*x**2 - x + 6. Determine n(b).
0
Let w(c) = c + 4. Suppose 2*y - 7*y + 3*j = 37, 3*j - 21 = 3*y. What is w(y)?
-4
Let d(a) = 11*a**3 + 5*a**2 - 15*a + 2. Let b(i) = -2*i + 14. Let z be b(5). Let o(g) = 5*g**3 + 2*g**2 - 7*g + 1. Let m(y) = z*d(y) - 9*o(y). Calculate m(3).
-1
Let x(s) = -14 + 9*s**3 - s**2 + s - 14 + 45 - 18. Suppose 7*q - 3 = 4*q. Determine x(q).
8
Let w(x) = -10*x**2 + x + 1. Let o be 0/(-1) + 6 + 56/(-8). Determine w(o).
-10
Let u(s) = 83*s - 7. Let a(r) = -56*r + 5. Let b(t) = -7*a(t) - 5*u(t). Give b(-1).
23
Let t(l) be the second derivative of 2*l**3/3 + l**2 - 8*l. Let f(s) = -2*s**2 + s + 4. Let k = 2 - 0. Let g be f(k). Give t(g).
-6
Let w(q) be the third derivative of q**4/8 - q**3 + 8*q**2. Let a = 285 - 281. Give w(a).
6
Let l(d) be the third derivative of -d**5/60 - d**4/6 + d**3/2 - d**2 - d. Determine l(-5).
-2
Let s(y) be the first derivative of -y**2 - 6*y + 6. Let k(r) = -r + 7. Let b be k(5). Suppose -2*p - b = 8. What is s(p)?
4
Let u(w) = -w**3 - 10*w**2 - 3*w - 32. Let r be u(-10). Let g(o) = -12*o - 8. What is g(r)?
16
Let k = -39 + 45. Let p(u) = 4*u + 0*u - 9 - u - k*u. Determine p(-6).
9
Let f(o) be the third derivative of -o**5/20 - o**4/24 + o**3/3 + 5*o**2. Let a be f(1). Let n(t) = 3*t**3 + 2*t**2 - t - 2. What is n(a)?
-16
Let x = 7 + -3. Let z(t) = t**2 - 10*t - 2. Let s(b) = 4*b + 3. Let w be s(-1). Let d(f) = -f - 1. Let c(v) = w*z(v) + 4*d(v). Calculate c(x).
6
Let l(k) be the third derivative of k**5/30 - 9*k**4/8 + 7*k**3/6 + 2*k**2 - 159*k. Give l(13).
-6
Let q(t) be the first derivative of -t**3/3 - 2*t**2 + 11*t - 163. Calculate q(-8).
-21
Let g(q) = 5*q + 4. Let z(k) = -k - 3. Let x(s) = g(s) + 3*z(s). Let y(m) = -m**2 + 5. Let l be y(0). Suppose 4*d - l*d + 4 = 0. Determine x(d).
3
Let m(z) = 7*z - 9 + 7 + 9. Let t(i) = 15*i + 15. Let b(n) = 13*m(n) - 6*t(n). What is b(-2)?
-1
Let r(b) be the second derivative of b**6/360 + b**5/40 + b**4/6 + 5*b**3/3 + 8*b. Let m(y) be the second derivative of r(y). Calculate m(-4).
8
Let a(h) = -12180*h**2 - 12177*h**2 + 24365*h**2. Give a(-1).
8
Let k = 0 - -1. Let z(s) be the first derivative of s**2 - 2/3*s**3 + 8 - s - 3/2*s**4. What is z(k)?
-7
Let b(k) = k**3 - k**2 + k + 3. Let h be (-13)/(-91) + 1/(-7). Determine b(h).
3
Let z be (-1 - -13)*2/8. Suppose -4*k - 6 = -h + 3*h, -5*h - z*k - 15 = 0. Let m(c) be the third derivative of c**4/24 - c**3/6 + 6*c**2. What is m(h)?
-4
Let z(b) be the first derivative of b**3/3 + 7*b**2/2 - 3*b + 83. Suppose -5*l - 3*k - 29 = 0, -5*l = -5*k + 4 + 41. Give z(l).
-3
Let f = 817 + -828. Let q(r) = r**3 + 11*r**2 + r + 9. Calculate q(f).
-2
Let z(q) = -7*q**3 + 144 + 14*q**2 - 114 + q + 8*q**3. Determine z(-14).
16
Suppose -g = 1 - 0. Let r(o) = -o**3 + o**2 + 4*o - 2. Let m = -100 + 97. Let l(t) = t**3 - t**2 - 5*t + 3. Let s(u) = m*l(u) - 4*r(u). Calculate s(g).
-2
Let d(h) = 2*h**3 - 12*h**2 - h + 8. Let a(t) = -t**3 - 37*t**2 - 231*t + 35. Let j be a(-29). What is d(j)?
2
Let w(n) be the first derivative of n**3/3 - 3*n**2 + 5*n + 70. Calculate w(4).
-3
Let a(f) = 2*f**3 - 3*f**2 + f - 2. Let h be a(2). Let s(w) = w + 21 + 21 + 23 + 14 - 77. Determine s(h).
6
Suppose 4*r - 6 = -4*a - 30, -r + 4*a - 26 = 0. Let f(i) = -10 + 83*i + 79*i - 242*i + 79*i. Determine f(r).
0
Suppose 3*r + 4*x = 2*x + 16, -2*r + 12 = 2*x. Let l(b) = b**3 + 8*b**2 + b + 11. Let u be l(-8). Let v(p) = -p**3 + 3*p**2 + p**2 - u + 1. What is v(r)?
-2
Let y(n) be the third derivative of n**5/30 + n**4/12 - n**3/3 - 2*n**2. Let r be (2/4)/((-85)/(-20) - 4). Calculate y(r).
10
Let s = -19 + 23. Let f be 1/(3 - 10/4). Suppose -4*g - s*w + 8 = 0, -4*g + f*g = -4*w + 14. Let d(r) = -7*r**3 - r**2. Give d(g).
6
Let n(d) = -1 - 11*d**2 + 4*d - 2*d - 3*d - d**3 - d**2 + 5*d**2. Calculate n(-7).
6
Suppose -44 + 44 = 13*r. Let c(g) = -g**3 - g**2 + g - 12. What is c(r)?
-12
Let m(w) = -w**2 - 8*w - 9. Let k be (-2 - -6) + -6 - -3. Suppose 0 = -4*d + 4*i - 36, -5*d = i - k + 34. Determine m(d).
-2
Let c = -27 - -29. Suppose -18 = c*t - 8. Let u(y) be the first derivative of -y**3/3 - 5*y**2/2 + 3*y + 1. Calculate u(t).
3
Suppose -35*f + 44*f - 9 = 0. Let x(y) = -2*y - 1. Calculate x(f).
-3
Let b(u) = -28*u + 355. Let z be b(13). Let g(l) = -l + 2. What is g(z)?
11
Let o(l) = 1. Let g(h) = h**3 + 4*h**2 + 2*h - 3. Let z(f) = g(f) + 5*o(f). Suppose 3 = 6*p + 21. Calculate z(p).
5
Let q(c) be the first derivative of -c**2/2 - c + 276. Suppose -5*i + 2*u = -35, 3*u = i - 4*i. Calculate q(i).
-6
Let x(b) = -b**2 + 13*b - 14. Let i(o) = o**2 - 12*o + 12. Let z be i(0). Give x(z).
-2
Let h(g) be the third derivative of -1/12*g**4 + 1/2*g**3 + 0 + 0*g - 20*g**2. Determine h(4).
-5
Let t(r) = -6*r - 5. Suppose -132 = 15*v + 18*v. What is t(v)?
19
Let r(i) = i - 4. Suppose 6 = -z + 2. Let d be ((-12)/z + -4)*7. Let y(p) = 2. Let l(g) = d*y(g) - 4*r(g). What is l(2)?
-6
Let a(r) = -8*r - 61. Let z(j) = 8*j + 76. Let s(c) = -5*a(c) - 4*z(c). Suppose -2 = 2*t - 0. Determine s(t).
-7
Suppose 70*s = 62*s + 8. Let c(p) be the second derivative of -p**4/6 - p**2/2 + p. Give c(s).
-3
Suppose 15 = -2*f + 5. Suppose 13*z - 86 = 31. Let t(b) = -1 - b**2 - z - 5*b + 5. What is t(f)?
-5
Let i(n) be the first derivative of n**6/360 - 2*n**3 + 11. Let j(f) be the third derivative of i(f). Let t = 3 + -1. Calculate j(t).
4
Let m = 130 + -134. Let j = -13 + 7. Let f(v) = 5*v + 5. Let s(w) = -11*w - 10. Let n(l) = j*s(l) - 13*f(l). What is n(m)?
-9
Let g(r) = -132*r**3 - 2*r - 150*r**3 - 4*r**2 - 6 + 283*r**3. Let b be 2/12 - (-22)/12. Let w be 2/(2*b/10). Determine g(w).
9
Let f(h) = h**3 - 2*h. Let a = 28 - 23. Suppose -2*q + a*k = 11, 0 = -2*q - 3*k + 5 + 8. Give f(q).
4
Let w(i) = i**3 - 2*i**2 + 2. Suppose c = f - 21, 2*c + 104 = 5*f - 1. Let n = f - 18. Give w(n).
11
Let o be 6*(0 + (-5)/(60/(-8))). Let f(t) be the third derivative of 0*t - 1/30*t**5 - 1/12*t**o - t**2 + 0 + 1/6*t**3. Calculate f(-2).
-3
Suppose 13*c - 55 = 10. Let d(z) = -z + 12. Calculate d(c).
7
Let t(x) = x**3 + 6*x**2 + 5*x - 1. Let w(i) = 16*i - 4. Let y be w(-1). Let g be (y/(-8))/(1/(-2)). What is t(g)?
-1
Let z(m) = -m**2 - 6*m - 6. Suppose -3*f - 9 = -2*i - 4*f, -27 = -i - 5*f. Suppose -l + 13 = -n, -3 = -i*l + 5*n + 38. Let c be (20 - 19)/((-2)/l). Give z(c).
2
Let b(x) = -20*x + 23. Let g(f) = -13*f + 15. Let s be (-9)/3 - (6 + -17). Let p(n) = s*g(n) - 5*b(n). Determine p(4).
-11
Suppose 19*x + 37 + 77 = 0. Let q(k) be the third derivative of -k**4/12 + 5*k**3/6 + 2*k**2. What is q(x)?
17
Suppose 0 = -2*s + 7*s + 3*t - 24, 0 = 3*s - 2*t - 3. Suppose s*w - 14 = -2. Let g(d) = -d. Let i(j) = -2*j - 2. Let n(h) = -6*g